0*s**2 - 99*s - 454. What is b(-6)?
-4
Let i(z) = z**3 + 3*z**2 + 25*z + 39. What is i(-5)?
-136
Let q(m) = m**3 - 5*m**2 - 36*m + 84. What is q(2)?
0
Let k(r) = r**2 - 13*r - 21. Calculate k(14).
-7
Let s(q) = -85*q - 8059. Determine s(-95).
16
Let z(i) = 2*i**3 - 15*i**2 + 7*i - 129. Calculate z(8).
-9
Let o(i) = 3*i**2 + i - 34. What is o(-5)?
36
Let j(n) = n**2 - 45. Determine j(13).
124
Let o(i) = 2*i**3 + 7*i**2 - 2*i - 32. Determine o(-5).
-97
Let s(g) = 304*g + 3912. Give s(-13).
-40
Let d(c) = -c**3 - 29*c**2 - 167*c + 11. What is d(-21)?
-10
Let u(s) = 165*s + 98. Determine u(-1).
-67
Let t(d) = d**3 - 11*d**2 - 84*d + 40. Give t(16).
-24
Let w(f) = f**3 - 8*f**2 - 105*f + 62. What is w(0)?
62
Let s(k) = k**3 + 17*k**2 + 39*k + 142. What is s(-15)?
7
Let t(s) = -96*s - 1117. Calculate t(-19).
707
Let v(p) = -2*p**2 + 12*p + 5188. What is v(54)?
4
Let w(z) = z**3 - 5*z**2 - 39*z + 136. Determine w(7).
-39
Let i(c) = 39*c - 85. What is i(2)?
-7
Let z(b) = b**3 + 19*b**2 - 93*b - 84. Calculate z(-23).
-61
Let l(d) = -4088*d - 24537. Calculate l(-6).
-9
Let y(f) = 85*f - 33. Determine y(0).
-33
Let g(d) = -1432*d - 2874. Give g(-2).
-10
Let l(c) = -c**2 - 186*c - 4551. Calculate l(-29).
2
Let r(k) = 13*k + 25. Calculate r(-11).
-118
Let r(j) = j**3 - 87*j**2 + 492*j - 483. What is r(81)?
3
Let f(i) = -i**3 + 35*i**2 - 34*i - 42. Calculate f(34).
-42
Let y(p) = -61*p - 11082. Determine y(-182).
20
Let b(n) = n**3 - 26*n**2 - 26*n + 672. Calculate b(26).
-4
Let x(z) = z**2 + 11*z + 23. Give x(-13).
49
Let u(l) = l**2 - 110*l + 983. Calculate u(10).
-17
Let i(s) = -24*s**3 - 126*s**2 - 32*s - 14. What is i(-5)?
-4
Let b(w) = -3*w**2 + 41*w + 232. Calculate b(-5).
-48
Let f(a) = -51*a - 286. Calculate f(-6).
20
Let i(u) = -u**2 - 27*u + 2174. Give i(-61).
100
Let x(k) = k**3 + 23*k**2 - 141*k - 29. Determine x(8).
827
Let t(i) = -i**2 + 15*i - 25. What is t(2)?
1
Let i(x) = 3637*x - 32727. Determine i(9).
6
Let o(i) = -i**2 - 26*i + 26. Determine o(0).
26
Let q(f) = -392*f**2 + 4309*f - 7. Determine q(11).
-40
Let j(u) = -u**2 + 212*u - 4361. Determine j(189).
-14
Let l(a) = -696*a - 1409. Determine l(-2).
-17
Let r(i) = 5*i**3 - 2*i**2 - 5*i - 2. Give r(-1).
-4
Let d(i) = -6*i**2 + 191*i - 522. What is d(3)?
-3
Let n(h) = -2*h**2 + 1132*h + 5716. Calculate n(-5).
6
Let h(q) = q**3 + 16*q**2 - 94*q - 202. Determine h(-20).
78
Let c(w) = -30*w + 60. Determine c(12).
-300
Let r(b) = 164*b - 9359. Give r(57).
-11
Let r(x) = -34*x + 583. Give r(6).
379
Let w(q) = 1020*q - 38766. Calculate w(38).
-6
Let w(a) = 14*a - 27. Calculate w(-3).
-69
Let z(v) = -v**3 - 8*v - 77. Give z(0).
-77
Let h(o) = -10*o**2 + 509*o + 49. What is h(51)?
-2
Let p(q) = q**3 + 33*q**2 + 190*q + 211. What is p(-26)?
3
Let c(z) = 22*z + 895. Determine c(-40).
15
Let k(o) = -3*o**2 + 25*o - 110. What is k(7)?
-82
Let f(p) = p**3 + 38*p**2 - 121*p + 84. Calculate f(-41).
2
Let r(y) = -94*y - 966. What is r(-16)?
538
Let k(q) = 710*q - 9941. Calculate k(14).
-1
Let f(n) = -2*n**3 - 9*n**2 - 3*n + 9. Determine f(-3).
-9
Let c(z) = -1710*z - 76955. Give c(-45).
-5
Let d(p) = p**3 - 17*p**2 + 88*p - 656. What is d(15)?
214
Let y(s) = 2*s**2 + 91*s - 182. Determine y(2).
8
Let h(m) = 47*m**2 - 3569*m - 237. What is h(76)?
-9
Let x(d) = 5*d**2 - 6*d - 725. What is x(19)?
966
Let b(a) = 11*a - 21. Calculate b(-4).
-65
Let o(w) = -12*w**3 - 1332*w**2 + 1. Give o(-111).
1
Let b(d) = 8*d**2 - 16*d + 12. Calculate b(6).
204
Let u(q) = -84*q - 1305. Give u(-16).
39
Let x(v) = -2*v**3 + 107*v**2 + 58*v - 149. Give x(54).
67
Let u(l) = 2792*l - 67027. Determine u(24).
-19
Let p(f) = -2*f**2 - 40*f + 7. Determine p(-17).
109
Let p(d) = -d**2 + 11*d - 41. Calculate p(5).
-11
Let s(b) = -3*b**2 + 72*b - 510. Give s(11).
-81
Let q(u) = -u**3 + 44*u**2 + 89*u - 82. What is q(46)?
-220
Let u(x) = -30*x - 403. What is u(-12)?
-43
Let c(h) = h**3 - 11*h**2 - 196. Give c(16).
1084
Let h(x) = x**2 + 34*x - 901. Calculate h(-52).
35
Let x(w) = w**3 + 14*w**2 + 11*w + 6. Calculate x(-13).
32
Let r(i) = -4*i**3 - 327*i**2 + 81*i - 85. Determine r(-82).
-3
Let a(k) = -k**3 + 84*k**2 - 1597*k + 157. What is a(55)?
47
Let t(m) = 195*m - 12287. Determine t(63).
-2
Let y(v) = -56*v - 32. What is y(4)?
-256
Let l(s) = -s**3 - 40*s**2 - 97*s - 470. Calculate l(-37).
-988
Let z(h) = 4*h - 139. Give z(0).
-139
Let g(i) = -i**3 + 13*i**2 - 16*i + 321. Calculate g(14).
-99
Let q(u) = -92*u**3 - 4*u**2 + 18*u - 15. Give q(1).
-93
Let v(b) = -b**3 - 7*b**2 + 6*b - 7. Calculate v(-7).
-49
Let u(y) = y**2 + 20*y - 1097. Determine u(25).
28
Let p(n) = 2*n**2 - 43*n + 136. Calculate p(6).
-50
Let w(p) = p**2 - 17*p - 40. Give w(19).
-2
Let y(w) = -338*w + 6754. Give y(20).
-6
Let k(d) = -14*d + 274. Give k(13).
92
Let z(q) = 65*q + 4040. Calculate z(-62).
10
Let b(x) = 3342*x + 6696. Give b(-2).
12
Let p(r) = r**3 + 49*r**2 + 50*r + 12. Give p(-48).
-84
Let p(r) = -2*r**3 + 11*r**2 - 17*r + 6. Calculate p(4).
-14
Let f(p) = p**2 - 11*p - 162. Determine f(24).
150
Let v(g) = -g**3 + 50*g**2 - 111*g + 469. What is v(48)?
-251
Let h(r) = 5*r + 56. What is h(9)?
101
Let r(f) = -4*f - 3. Determine r(-3).
9
Let q(p) = -p**3 + 8*p**2 - 3*p - 5. Determine q(3).
31
Let i(f) = 4*f - 105. Calculate i(16).
-41
Let r(g) = -3*g**3 - 73*g**2 + 50*g + 28. Calculate r(-25).
28
Let y(h) = -85*h - 9567. What is y(-112)?
-47
Let a(k) = -28*k**2 - 694*k - 3072. Calculate a(-19).
6
Let f(y) = 2*y**2 - 142*y - 507. Give f(74).
-63
Let n(b) = 268*b**2 - 77*b + 70. Calculate n(1).
261
Let b(o) = -o**3 - 24*o**2 - 59*o + 18. Determine b(-22).
348
Let z(i) = -8*i - 44. Determine z(-30).
196
Let o(g) = -g**3 - 15*g**2 + 16*g + 48. Determine o(-15).
-192
Let o(u) = -u**3 + 13*u**2 + 136*u + 87. What is o(20)?
7
Let x(m) = -88*m - 266. Determine x(-3).
-2
Let o(m) = -634*m - 6272. Determine o(-10).
68
Let b(l) = 178*l - 365. Calculate b(4).
347
Let v(l) = -l**2 + 100*l - 2108. What is v(30)?
-8
Let u(t) = -131*t - 729. Give u(-9).
450
Let v(b) = b**3 + 10*b**2 + 124*b + 1039. Give v(-9).
4
Let r(q) = -2*q**2 + 10*q + 8. Give r(9).
-64
Let q(s) = -s**3 - 8*s**2 - 21*s + 1. What is q(-6)?
55
Let f(y) = 33*y + 2552. Calculate f(-79).
-55
Let m(i) = -140*i - 538. Give m(-8).
582
Let q(t) = 104*t**2 - 650*t + 157. Calculate q(6).
1
Let k(x) = -x**3 + 5*x**2 + 21*x - 19. What is k(11)?
-514
Let y(n) = n**2 + 110*n + 432. What is y(-106)?
8
Let b(u) = -4*u**3 + 5*u + 38. Determine b(0).
38
Let i(f) = -f**3 + 99*f**2 - 2*f + 91. Calculate i(99).
-107
Let c(l) = -852*l - 8523. Give c(-10).
-3
Let h(l) = 2*l**3 + 33*l**2 - 4*l - 51. Calculate h(-16).
269
Let t(k) = k**2 - 18*k - 71. Determine t(7).
-148
Let c(n) = 4*n**2 + 78*n - 81. Give c(1).
1
Let g(n) = -n**3 + 32*n**2 - 89*n + 42. Give g(29).
-16
Let a(q) = 3*q**2 - 80*q - 13. Calculate a(26).
-65
Let x(z) = -35*z**3 - 7*z**2 + 19. Determine x(-2).
271
Let l(s) = 22*s + 31. Determine l(0).
31
Let n(v) = 9418*v + 47093. Calculate n(-5).
3
Let c(x) = 4*x**2 - 57*x + 69. What is c(15)?
114
Let t(g) = -g**3 - 9*g**2 - 25*g - 16. Calculate t(-5).
9
Let w(f) = -f**3 - 34*f**2 - 5*f - 157. What is w(-34)?
13
Let f(u) = -u**3 - 4*u**2 + 11*u + 83. Determine f(-4).
39
Let o(y) = -4*y**2 - 21*y + 5. What is o(-7)?
-44
Let g(r) = r**3 + 3*r**2 - r + 46. Determine g(0).
46
Let g(m) = 1592*m + 6405. Determine g(-4).
37
Let q(b) = -398*b + 62488. Calculate q(157).
2
Let k(n) = -n**3 + 14*n**2 + 39*n - 60. What is k(17)?
-264
Let x(u) = 61*u - 418. What is x(10)?
192
Let z(y) = -177*y**2 - 208*y + 413. Determine z(2).
-711
Let g(h) = 2*h**3 - 4*h**2 - 15*h - 5. What is g(5)?
70
Let h(z) = z**3 + 24*z**2 - 21*z - 4. Calculate h(-25).
-104
Let o(d) = 11*d**3 + 112*d**2 + 31*d + 119. Calculate o(-10).
9
Let d(m) = 2*m**2 + 555*m - 11256. What is d(19)?
11
Let a(x) = 26*x + 508. What is a(-11)?
222
Let f(r) = -244*r + 591. Give f(-3).
1323
Let x(m) = 37*m + 3393. Determine x(-91).
26
Let q(f) = -f**3 - 16*f - 18. What is q(0)?
-18
Let f(j) = 16*j**2 - 287*j - 13. Calculate f(18).
5
Let q(m) = m**2 - 8*m - 44. Determine q(12).
4
Let w(f) = -2*f**3 - 4*f**2 - 7*f - 27. What is w(-4)?
65
Let z(r) = 208*r + 482. Give z(-3).
-142
Let k(t) = 104*t + 1348. Determine k(-13).
-4
Let p(n) = -2*n + 384. Give p(-71).
526
Let t